{"id":807,"date":"2017-04-23T19:27:17","date_gmt":"2017-04-23T19:27:17","guid":{"rendered":"http:\/\/gymnoten.dk\/?page_id=807"},"modified":"2021-03-22T13:29:07","modified_gmt":"2021-03-22T12:29:07","slug":"okkult-mekanik-2","status":"publish","type":"page","link":"http:\/\/gymnoten.karlosall.dk\/?page_id=807","title":{"rendered":"OKKULT MEKANIK (Fahrenheit)"},"content":{"rendered":"<p><img loading=\"lazy\" class=\"alignnone  wp-image-809\" src=\"http:\/\/gymnoten.karlosall.dk\/wp-content\/uploads\/2017\/04\/1-Okkult-forside.jpg\" alt=\"\" width=\"399\" height=\"559\" \/><\/p>\n<p>TEGNESERIE \/ 172 sider \/2017 \/ ude p\u00e5 <strong><a href=\"http:\/\/www.forlaget-fahrenheit.dk\/\" target=\"_blank\" rel=\"noopener\">Forlaget Fahreheit<br \/>\n<\/a><\/strong>Skrevet af Andreas Hansn<br \/>\nTegnet af Emil Brahe<br \/>\nMagnus Finkel regner sig selv som vor tids st\u00f8rste okkultist.<br \/>\nHan har passende store planer.<br \/>\nMen det er ikke let, n\u00e5r socialforvaltningen hele tiden sp\u00e6nder ben.<br \/>\nAlle er en del af det store maskineri:<br \/>\nSystemets koldhjertede h\u00e5ndlanger, sagsbehandleren Britta Stohl fra socialforvaltningen.<br \/>\nAdolf Hitler, mere eller mindre vellykket genskabt fra nekrosf\u00e6ren.<br \/>\nEn forstyrret elverkonge, en hellig h\u00f8jskoleforstander, et mylder i skovbunden.<br \/>\nFor ikke at tale om navnl\u00f8se magter fra det hinsides.<br \/>\nHjul griber i hjul.<br \/>\n&#8220;Man kan trygt overgive sig til makkerparret Brahe og Hansns uigennemskuelige logik og fascinerende sort-hvide verden i &#8216; <i>Okkult<\/i> <i>mekanik&#8217;<\/i>, da der er en narrativ fremdrift midt i syretrippet.&#8221;<br \/>\n&#8211; Politiken<br \/>\n&#8221; &#8230;Absolut v\u00e6rd at gribe fat i, hvis sommeraftenerne bliver lidt for kedelige med genudsendelserne.<br \/>\nOg hvis scenen ikke er sommer, s\u00e5 er den ogs\u00e5 v\u00e6rd at tage frem, n\u00e5r tilv\u00e6relsen synes lidt overgribende og urimelig.&#8221;<br \/>\n&#8211; Nordjyske<br \/>\n\u201cHele Danmarks overgrunds-undergrunds-tegneserieskabere, Brahe\/Hansn, er tilbage med endnu en forrykt og skaml\u00f8s omgang grafisk vildhed.\u201d<br \/>\n&#8211; Nummer 9<br \/>\n&#8220;En tegneserie til alle de der har lyst til at f\u00e5 en helt igennem anderledes tegneserieoplevelse. En perfekt gave til b\u00e5de den lille okkultist eller til det familiemedlem, der arbejder i det offentlige.&#8221;<br \/>\n&#8211; Kulturkapellet<\/p>\n<p><span class=\"_4n-j _3cht fsl\" data-testid=\"event-permalink-details\"><img loading=\"lazy\" class=\"alignnone  wp-image-811\" src=\"http:\/\/gymnoten.karlosall.dk\/wp-content\/uploads\/2017\/04\/OM-s30.jpg\" alt=\"\" width=\"379\" height=\"531\" \/><\/span><\/p>\n","protected":false},"excerpt":{"rendered":"<p>TEGNESERIE \/ 172 sider \/2017 \/ ude p\u00e5 Forlaget Fahreheit Skrevet af Andreas Hansn Tegnet af Emil Brahe Magnus Finkel regner sig selv som vor tids st\u00f8rste okkultist. Han har passende store planer. Men det er ikke let, n\u00e5r socialforvaltningen[&hellip;]<a class=\"more-link\" href=\"http:\/\/gymnoten.karlosall.dk\/?page_id=807\">&darr; Read the rest of this entry&#8230;<\/a><\/p>\n","protected":false},"author":3,"featured_media":0,"parent":0,"menu_order":6,"comment_status":"open","ping_status":"closed","template":"","meta":[],"_links":{"self":[{"href":"http:\/\/gymnoten.karlosall.dk\/index.php?rest_route=\/wp\/v2\/pages\/807"}],"collection":[{"href":"http:\/\/gymnoten.karlosall.dk\/index.php?rest_route=\/wp\/v2\/pages"}],"about":[{"href":"http:\/\/gymnoten.karlosall.dk\/index.php?rest_route=\/wp\/v2\/types\/page"}],"author":[{"embeddable":true,"href":"http:\/\/gymnoten.karlosall.dk\/index.php?rest_route=\/wp\/v2\/users\/3"}],"replies":[{"embeddable":true,"href":"http:\/\/gymnoten.karlosall.dk\/index.php?rest_route=%2Fwp%2Fv2%2Fcomments&post=807"}],"version-history":[{"count":1,"href":"http:\/\/gymnoten.karlosall.dk\/index.php?rest_route=\/wp\/v2\/pages\/807\/revisions"}],"predecessor-version":[{"id":1012,"href":"http:\/\/gymnoten.karlosall.dk\/index.php?rest_route=\/wp\/v2\/pages\/807\/revisions\/1012"}],"wp:attachment":[{"href":"http:\/\/gymnoten.karlosall.dk\/index.php?rest_route=%2Fwp%2Fv2%2Fmedia&parent=807"}],"curies":[{"name":"wp","href":"https:\/\/api.w.org\/{rel}","templated":true}]}}