{"id":1106,"date":"2022-10-19T21:32:06","date_gmt":"2022-10-19T19:32:06","guid":{"rendered":"http:\/\/gymnoten.karlosall.dk\/?page_id=1106"},"modified":"2022-10-19T21:32:06","modified_gmt":"2022-10-19T19:32:06","slug":"glamhittet-syretuen","status":"publish","type":"page","link":"http:\/\/gymnoten.karlosall.dk\/?page_id=1106","title":{"rendered":"GLAMHITTET SYRETUEN"},"content":{"rendered":"\n<figure class=\"wp-block-image size-large is-resized\"><img loading=\"lazy\" src=\"http:\/\/gymnoten.karlosall.dk\/wp-content\/uploads\/2022\/10\/glam.jpg\" alt=\"\" class=\"wp-image-1107\" width=\"411\" height=\"583\"\/><\/figure>\n\n\n\n<p>TEGNESERIE \/ 48 SIDER \/ 2022<br><\/p>\n\n\n\n<p>Skrevet af Andreas Hansn<br>Tegnet af Emil Brahe<\/p>\n\n\n\n<p>Det er sommerferie, og tiden st\u00e5r n\u00e6rmest stille.<br>Manden, pigen og tudsen h\u00e6nger bare ud uden udsigt til noget s\u00e6rligt.<br>Og s\u00e5 en torsdag dukker Syretuen op som himmelf\u00e6nomen.<\/p>\n\n\n\n<figure class=\"wp-block-image size-large\"><img loading=\"lazy\" width=\"1624\" height=\"1420\" src=\"http:\/\/gymnoten.karlosall.dk\/wp-content\/uploads\/2022\/10\/klask.jpg\" alt=\"\" class=\"wp-image-1108\"\/><\/figure>\n\n\n\n<p><\/p>\n","protected":false},"excerpt":{"rendered":"<p>TEGNESERIE \/ 48 SIDER \/ 2022 Skrevet af Andreas HansnTegnet af Emil Brahe Det er sommerferie, og tiden st\u00e5r n\u00e6rmest stille.Manden, pigen og tudsen h\u00e6nger bare ud uden udsigt til noget s\u00e6rligt.Og s\u00e5 en torsdag dukker Syretuen op som himmelf\u00e6nomen.<\/p>\n","protected":false},"author":1,"featured_media":0,"parent":0,"menu_order":3,"comment_status":"open","ping_status":"closed","template":"","meta":[],"_links":{"self":[{"href":"http:\/\/gymnoten.karlosall.dk\/index.php?rest_route=\/wp\/v2\/pages\/1106"}],"collection":[{"href":"http:\/\/gymnoten.karlosall.dk\/index.php?rest_route=\/wp\/v2\/pages"}],"about":[{"href":"http:\/\/gymnoten.karlosall.dk\/index.php?rest_route=\/wp\/v2\/types\/page"}],"author":[{"embeddable":true,"href":"http:\/\/gymnoten.karlosall.dk\/index.php?rest_route=\/wp\/v2\/users\/1"}],"replies":[{"embeddable":true,"href":"http:\/\/gymnoten.karlosall.dk\/index.php?rest_route=%2Fwp%2Fv2%2Fcomments&post=1106"}],"version-history":[{"count":1,"href":"http:\/\/gymnoten.karlosall.dk\/index.php?rest_route=\/wp\/v2\/pages\/1106\/revisions"}],"predecessor-version":[{"id":1109,"href":"http:\/\/gymnoten.karlosall.dk\/index.php?rest_route=\/wp\/v2\/pages\/1106\/revisions\/1109"}],"wp:attachment":[{"href":"http:\/\/gymnoten.karlosall.dk\/index.php?rest_route=%2Fwp%2Fv2%2Fmedia&parent=1106"}],"curies":[{"name":"wp","href":"https:\/\/api.w.org\/{rel}","templated":true}]}}