{"id":1047,"date":"2021-09-22T22:20:35","date_gmt":"2021-09-22T20:20:35","guid":{"rendered":"http:\/\/gymnoten.karlosall.dk\/?page_id=1047"},"modified":"2021-09-22T22:24:15","modified_gmt":"2021-09-22T20:24:15","slug":"som-rogn-fra-oven","status":"publish","type":"page","link":"http:\/\/gymnoten.karlosall.dk\/?page_id=1047","title":{"rendered":"SOM ROGN FRA OVEN"},"content":{"rendered":"\n<figure class=\"wp-block-image size-large is-resized\"><img loading=\"lazy\" src=\"http:\/\/gymnoten.karlosall.dk\/wp-content\/uploads\/2021\/09\/OMS.jpg\" alt=\"\" class=\"wp-image-1053\" width=\"425\" height=\"627\"\/><\/figure>\n\n\n\n<p>TEGNESERIE \/ 92 SIDER \/ 2021<br>Skrevet af Andreas Hansn<br>Tegnet af Frank Brahe<\/p>\n\n\n\n<p>Blid og venlig weird fiction om folkeskolel\u00e6reren Hanne, der p\u00e5 vej hjem til weekend en forpisset novemberdag, tr\u00e6t af umulige unger, st\u00f8der p\u00e5 noget s\u00e6rt i parken, der ikke rigtig vil slippe hende.<\/p>\n\n\n\n<figure class=\"wp-block-image size-large is-resized\"><img loading=\"lazy\" src=\"http:\/\/gymnoten.karlosall.dk\/wp-content\/uploads\/2021\/09\/rogn09.jpg\" alt=\"\" class=\"wp-image-1049\" width=\"416\" height=\"635\"\/><\/figure>\n","protected":false},"excerpt":{"rendered":"<p>TEGNESERIE \/ 92 SIDER \/ 2021Skrevet af Andreas HansnTegnet af Frank Brahe Blid og venlig weird fiction om folkeskolel\u00e6reren Hanne, der p\u00e5 vej hjem til weekend en forpisset novemberdag, tr\u00e6t af umulige unger, st\u00f8der p\u00e5 noget s\u00e6rt i parken, der[&hellip;]<a class=\"more-link\" href=\"http:\/\/gymnoten.karlosall.dk\/?page_id=1047\">&darr; Read the rest of this entry&#8230;<\/a><\/p>\n","protected":false},"author":1,"featured_media":0,"parent":0,"menu_order":3,"comment_status":"closed","ping_status":"closed","template":"","meta":[],"_links":{"self":[{"href":"http:\/\/gymnoten.karlosall.dk\/index.php?rest_route=\/wp\/v2\/pages\/1047"}],"collection":[{"href":"http:\/\/gymnoten.karlosall.dk\/index.php?rest_route=\/wp\/v2\/pages"}],"about":[{"href":"http:\/\/gymnoten.karlosall.dk\/index.php?rest_route=\/wp\/v2\/types\/page"}],"author":[{"embeddable":true,"href":"http:\/\/gymnoten.karlosall.dk\/index.php?rest_route=\/wp\/v2\/users\/1"}],"replies":[{"embeddable":true,"href":"http:\/\/gymnoten.karlosall.dk\/index.php?rest_route=%2Fwp%2Fv2%2Fcomments&post=1047"}],"version-history":[{"count":5,"href":"http:\/\/gymnoten.karlosall.dk\/index.php?rest_route=\/wp\/v2\/pages\/1047\/revisions"}],"predecessor-version":[{"id":1056,"href":"http:\/\/gymnoten.karlosall.dk\/index.php?rest_route=\/wp\/v2\/pages\/1047\/revisions\/1056"}],"wp:attachment":[{"href":"http:\/\/gymnoten.karlosall.dk\/index.php?rest_route=%2Fwp%2Fv2%2Fmedia&parent=1047"}],"curies":[{"name":"wp","href":"https:\/\/api.w.org\/{rel}","templated":true}]}}